{"id":971,"date":"2013-10-08T04:42:23","date_gmt":"2013-10-08T09:42:23","guid":{"rendered":"http:\/\/cristinarascon.com.mx\/?page_id=971"},"modified":"2015-12-23T17:46:12","modified_gmt":"2015-12-23T23:46:12","slug":"eva-srna","status":"publish","type":"page","link":"http:\/\/cristinarascon.com.mx\/de\/creditos\/eva-srna\/","title":{"rendered":"Eva Srna"},"content":{"rendered":"<p><\/p>\n<p style=\"text-align: justify;\"><a href=\"http:\/\/cristinarascon.com.mx\/wp-content\/uploads\/2013\/10\/Eva-Srna.jpg\"><img loading=\"lazy\" decoding=\"async\" class=\"alignleft size-medium wp-image-974\" alt=\"Eva Srna\" src=\"http:\/\/cristinarascon.com.mx\/wp-content\/uploads\/2013\/10\/Eva-Srna-233x300.jpg\" width=\"233\" height=\"300\" srcset=\"http:\/\/cristinarascon.com.mx\/wp-content\/uploads\/2013\/10\/Eva-Srna-233x300.jpg 233w, http:\/\/cristinarascon.com.mx\/wp-content\/uploads\/2013\/10\/Eva-Srna.jpg 258w\" sizes=\"auto, (max-width: 233px) 100vw, 233px\" \/><\/a><strong>Eva Srna<\/strong> (Wien, 1951). \u00dcbersetzerstudium (Spanisch\/Englisch) und Studium der Vergleichenden Literaturwissenschaft an der Universit\u00e4t Wien, Akademische Lateinamerikanistin. \u00dcbersetzung von Lyrik und Prosa (Spanisch\/Deutsch), u. a. von Luisa Valenzuela und Laura Yasan (Argentinien), Norah Zapata-Prill (Bolivien), Gustavo Mart\u00edn Garzo und Esperanza Ortega (Spanien), Juan Ba\u00f1uelos, Coral Bracho, Pura L\u00f3pez Colom\u00e9 und Cristina Rasc\u00f3n (Mexiko) und Enrique Moya (Venezuela) sowie langj\u00e4hrige Mitarbeit am Festival lateinamerikanischer Poesie in Wien (\u00dcbersetzung und Koordination).<\/p>\n<p><\/p>","protected":false},"excerpt":{"rendered":"<p>Eva Srna (Wien, 1951). \u00dcbersetzerstudium (Spanisch\/Englisch) und Studium der Vergleichenden Literaturwissenschaft an der Universit\u00e4t Wien, Akademische Lateinamerikanistin. \u00dcbersetzung von Lyrik und Prosa (Spanisch\/Deutsch), u. a. von Luisa Valenzuela und Laura Yasan (Argentinien), Norah Zapata-Prill (Bolivien), Gustavo Mart\u00edn Garzo und Esperanza Ortega (Spanien), Juan Ba\u00f1uelos, Coral Bracho, Pura L\u00f3pez Colom\u00e9 und Cristina Rasc\u00f3n (Mexiko) und Enrique [&hellip;]<\/p>\n","protected":false},"author":5,"featured_media":0,"parent":416,"menu_order":0,"comment_status":"closed","ping_status":"closed","template":"","meta":{"_et_pb_use_builder":"","_et_pb_old_content":"","_et_gb_content_width":"","_exactmetrics_skip_tracking":false,"_exactmetrics_sitenote_active":false,"_exactmetrics_sitenote_note":"","_exactmetrics_sitenote_category":0,"footnotes":""},"class_list":["post-971","page","type-page","status-publish","hentry"],"aioseo_notices":[],"_links":{"self":[{"href":"http:\/\/cristinarascon.com.mx\/de\/wp-json\/wp\/v2\/pages\/971","targetHints":{"allow":["GET"]}}],"collection":[{"href":"http:\/\/cristinarascon.com.mx\/de\/wp-json\/wp\/v2\/pages"}],"about":[{"href":"http:\/\/cristinarascon.com.mx\/de\/wp-json\/wp\/v2\/types\/page"}],"author":[{"embeddable":true,"href":"http:\/\/cristinarascon.com.mx\/de\/wp-json\/wp\/v2\/users\/5"}],"replies":[{"embeddable":true,"href":"http:\/\/cristinarascon.com.mx\/de\/wp-json\/wp\/v2\/comments?post=971"}],"version-history":[{"count":7,"href":"http:\/\/cristinarascon.com.mx\/de\/wp-json\/wp\/v2\/pages\/971\/revisions"}],"predecessor-version":[{"id":1201,"href":"http:\/\/cristinarascon.com.mx\/de\/wp-json\/wp\/v2\/pages\/971\/revisions\/1201"}],"up":[{"embeddable":true,"href":"http:\/\/cristinarascon.com.mx\/de\/wp-json\/wp\/v2\/pages\/416"}],"wp:attachment":[{"href":"http:\/\/cristinarascon.com.mx\/de\/wp-json\/wp\/v2\/media?parent=971"}],"curies":[{"name":"wp","href":"https:\/\/api.w.org\/{rel}","templated":true}]}}

<p></p>
<p style="text-align: justify;"><a href="http://cristinarascon.com.mx/wp-content/uploads/2013/10/Eva-Srna.jpg"><img loading="lazy" decoding="async" class="alignleft size-medium wp-image-974" alt="Eva Srna" src="http://cristinarascon.com.mx/wp-content/uploads/2013/10/Eva-Srna-233x300.jpg" width="233" height="300" srcset="http://cristinarascon.com.mx/wp-content/uploads/2013/10/Eva-Srna-233x300.jpg 233w, http://cristinarascon.com.mx/wp-content/uploads/2013/10/Eva-Srna.jpg 258w" sizes="auto, (max-width: 233px) 100vw, 233px" /></a><strong>Eva Srna</strong> (Wien, 1951). Übersetzerstudium (Spanisch/Englisch) und Studium der Vergleichenden Literaturwissenschaft an der Universität Wien, Akademische Lateinamerikanistin. Übersetzung von Lyrik und Prosa (Spanisch/Deutsch), u. a. von Luisa Valenzuela und Laura Yasan (Argentinien), Norah Zapata-Prill (Bolivien), Gustavo Martín Garzo und Esperanza Ortega (Spanien), Juan Bañuelos, Coral Bracho, Pura López Colomé und Cristina Rascón (Mexiko) und Enrique Moya (Venezuela) sowie langjährige Mitarbeit am Festival lateinamerikanischer Poesie in Wien (Übersetzung und Koordination).</p>
<p></p>

<p>Eva Srna (Wien, 1951). Übersetzerstudium (Spanisch/Englisch) und Studium der Vergleichenden Literaturwissenschaft an der Universität Wien, Akademische Lateinamerikanistin. Übersetzung von Lyrik und Prosa (Spanisch/Deutsch), u. a. von Luisa Valenzuela und Laura Yasan (Argentinien), Norah Zapata-Prill (Bolivien), Gustavo Martín Garzo und Esperanza Ortega (Spanien), Juan Bañuelos, Coral Bracho, Pura López Colomé und Cristina Rascón (Mexiko) und Enrique [&hellip;]</p>
